7)/t)/(2/10).
8
Let h(i) = -3*i - 12. Let u = -1451 - -1469. What is the remainder when u is divided by h(-6)?
0
Let d(c) be the third derivative of 38*c**2 + 0*c + 0 - 1/24*c**4 - 1/60*c**5 + 7/15*c**6 + 1/6*c**3. What is the remainder when d(1) is divided by 19?
17
Let l(f) = -389*f - 42376. Suppose -4*h + 192 = 7*i - 3*i, -3*i + 140 = 2*h. What is the remainder when i is divided by l(-109)?
19
Let h = -2872 - -2980. Calculate the remainder when h is divided by 32.
12
Let y(c) = 2*c**3 - 33*c**2 + 75*c - 287. What is the remainder when y(21) is divided by 5?
2
Let p(a) = a**3 + 22*a**2 - 25*a - 39. Suppose -25*o - 115 = -20*o. Calculate the remainder when 214 is divided by p(o).
4
Let l(v) = -v**3 + v**2 + 10*v + 5. Let y = 34 + -34. Suppose y = -2*u - 2 - 4. Calculate the remainder when l(u) is divided by 8.
3
Let q = 117 + -54. What is the remainder when q is divided by 21?
0
Let g = -5511 + 5532. What is the remainder when 170 is divided by g?
2
Let w(t) = -3*t**3 + t**2 - 2. Let x be w(-1). Suppose x*f = -217 + 229. Suppose 44 = -4*l + 128. Calculate the remainder when l is divided by f.
3
Suppose h - 506 = 4*g, 3*g - 478 = 2*h - 1450. Calculate the remainder when h is divided by 125.
99
Suppose 2*z - 4*y - 314 = 0, 0*y + 316 = 2*z - 3*y. Let f(p) = 15*p**2 + 68*p + 6. Calculate the remainder when z is divided by f(-5).
38
Let f be (-2353)/52 - (-2)/8. Calculate the remainder when -22*f/18 - 1 is divided by 16.
6
Suppose 2*o - 3*k = 11118, -2*k - 706 - 27089 = -5*o. What is the remainder when o is divided by 103?
100
Suppose 2721 = 14*n - 961. What is the remainder when n is divided by 47?
28
Let c(q) = -q**3 - 10*q**2 - 2*q + 23. Let u = 29 + -39. Suppose w - 5*w = -16. What is the remainder when c(u) is divided by w?
3
Suppose 0 = -q - 4*f + 272, 8*f - 3*f = 35. Calculate the remainder when q is divided by 128.
116
Let n = 1995 - 1951. Let t(m) = -m**3 - 5*m**2 - 4*m + 5. Let c be t(-4). Suppose -2*f = c*f - 84. What is the remainder when n is divided by f?
8
Let u = 1093 - 1088. Calculate the remainder when 5 is divided by u.
0
Let l(y) = 39*y**2 - 49 - 4 - 23*y - 14 - 65 - 38*y**2. What is the remainder when 42 is divided by l(28)?
2
Suppose 8 = 5*k - 67. Let l(m) = -8*m - 3 + 0*m + m**2 - 1 + k*m. Calculate the remainder when l(-11) is divided by 14.
12
Let k = 122 + 115. Suppose -3*b = -243 - k. Suppose -5*c + 4*g - 3*g = -b, -c + 32 = 2*g. Calculate the remainder when c is divided by 17.
15
Let o be (3/2)/((-9)/(-6)). Suppose -4*s = 3*j - 2*s - 61, -5*j + 110 = -5*s. What is the remainder when j is divided by (-22)/(-99) - (264/(-27) - o)?
10
Suppose d = 3*h + 18, -h - 2*h = 9. Let f = d - -26. Suppose 2*i + 3*i - f = 0. Calculate the remainder when i is divided by 6.
1
Let n(r) = -r + 1. Let z(u) = 52*u - 1. Let t(d) = -2*n(d) - z(d). Calculate the remainder when t(-2) is divided by -4*((-116)/(-16) + -7) - -26.
24
Let g be 15*(-9)/(135/(-2154)). Suppose 2679 = 5*u + 3*q, 4*u + 0*u = 3*q + g. Calculate the remainder when u is divided by 49.
47
Let c = 34 + -12. Suppose 3*v - c - 155 = 0. Calculate the remainder when v is divided by 19.
2
Let o(g) = -13*g - 113. Let q be o(-6). Calculate the remainder when (71/3)/(4/12) is divided by 80/q + 2 - (-214)/14.
11
Suppose 4*q - 2818 = 2*l + 472, 2*l - 3294 = -4*q. Calculate the remainder when q is divided by 109.
60
Let i(a) = -67*a - 3144. What is the remainder when 457 is divided by i(-49)?
40
Let s(v) = -2*v**2 - 35*v - 44. Let d be s(-16). Suppose -d*z = -2*j + 136, 0 = 2*j + j - 4*z - 194. Calculate the remainder when j is divided by 19.
1
Let d(o) = -144*o**2 - 31*o + 58. Let z be d(2). Let q = z - -613. Calculate the remainder when 130 is divided by q.
31
Suppose -5 = -4*z - v, v - 5 = 8*z - 6*z. Suppose -o - 4*i + 12 - 3 = 0, 2*o + 4*i - 18 = z. Calculate the remainder when 16 is divided by o.
7
Suppose -2*h + 12 = 2, -3761 = -4*f + 3*h. Suppose 63*m - f = 55*m. Suppose 0 = 5*c - m - 72. What is the remainder when c is divided by 7?
3
Let t(x) = 7*x**2 - 15*x - 32. Let g be t(-4). Suppose 12*q - 76 = g. What is the remainder when 45 is divided by q?
9
Let s(y) = 5*y**2 + 12*y - 19. Let g be s(6). Suppose g = 14*l - 5. Suppose -m = -0*m - l. Calculate the remainder when 184 is divided by m.
14
Let o(m) = m**2 - 11*m - 3. Let v be o(9). Let z be v/(-28) + 141/4. Let t = 3 + z. Calculate the remainder when t is divided by 15.
9
Suppose 3*c + 460 = 1293*p - 1292*p, 2210 = 5*p - 5*c. What is the remainder when p is divided by 111?
100
Let w(n) = -n**3 - n**2 - 4*n. Calculate the remainder when w(-5) is divided by ((-14)/5)/(12/(-540)*3).
36
Let i(d) = d**3 + d**2 - 2*d. What is the remainder when ((-354)/15*3)/((-159)/265) is divided by i(3)?
28
Suppose -17*h - 108*h = -2000. Calculate the remainder when 236 is divided by h.
12
Suppose 464 + 208 = 14*o. Suppose 3*k - o = 48. Calculate the remainder when 190 is divided by k.
30
Suppose 0 = -53*g - 40 + 2743. What is the remainder when 290 is divided by g?
35
Let h = 355 - 300. Suppose h = 4*b + 3*g, 4*g + 0*g = 2*b. What is the remainder when 727 is divided by b?
7
Let t(a) = -5*a**2 + 54*a + 92. What is the remainder when 99 is divided by t(12)?
19
Let y(i) = i + 12. Let k be y(9). Let s = k + 104. Calculate the remainder when s is divided by 26.
21
Suppose 22*g - 21*g - 679 = 0. Calculate the remainder when g is divided by 138.
127
Suppose 3*i - 14 = 4*c, 0 = 3*i - c + 7 - 33. Calculate the remainder when 2228 is divided by i.
8
Let a = 25 - 16. Let h(f) = 13*f + 85. Let t(o) = 6*o + 43. Let i(k) = a*t(k) - 4*h(k). What is the remainder when 92 is divided by i(-8)?
30
Let t = -148 + 145. Let d(m) = -6*m - 8. Calculate the remainder when 206 is divided by d(t).
6
Let y(f) = -9*f**2 - f - 7. Let z(v) = 8*v**2 + 7. Let x(j) = -4*y(j) - 3*z(j). Let k be x(4). Calculate the remainder when 37 is divided by 2/9 + k/45.
2
Calculate the remainder when 394 is divided by 23355/189 - ((-117)/(-21) + -5).
25
Suppose -5*r + 3*b = -110, -4*r + b + 90 = 2. Let h(y) = 3*y**2 - 10*y - 41. Calculate the remainder when r is divided by h(-3).
6
Let w = -376 - -379. Suppose w*x + 4*j - 11 = 149, 3*x + 2*j = 164. Calculate the remainder when x is divided by 20.
16
Suppose 68 + 22 = 30*k. Suppose h = -0*x - k*x + 23, 5*x - 78 = -4*h. What is the remainder when 575 is divided by h?
14
Let q(k) = -3*k + 113. Let r be q(12). Suppose -4*v - 429 = -3*l + r, 0 = -l + 2*v + 170. Calculate the remainder when l is divided by 17.
13
Suppose 128*a - 198884 = 1709468. What is the remainder when a is divided by 13?
11
Let a(d) = 7*d**2 + 26*d - 353. Calculate the remainder when 358 is divided by a(-10).
10
Let n = -852 + 843. What is the remainder when (300/n)/(20/(-30)) is divided by (4 - 0)*(-51)/(-12)?
16
Let t(h) = -180*h - 3170. What is the remainder when t(-18) is divided by 36?
34
Suppose i + 5 - 2 = 2*k, 4*k = 4*i. Suppose 0 = -k*x + 2*l + 132, -10*l + 9 = -13*l. What is the remainder when x is divided by 16?
10
Suppose -6*b + b + 4*s - 173 = 0, b - 3*s + 39 = 0. Let i = 138 + b. Calculate the remainder when i is divided by 55.
50
Let d(n) = 13*n**2 - 36*n - 76. What is the remainder when d(12) is divided by 152?
148
Suppose 5*l + 4*k - 249 = 2*l, l - k = 90. Calculate the remainder when 956 is divided by l.
86
Let h(i) = 3*i**2 + 273*i + 828. What is the remainder when 702 is divided by h(-88)?
18
Let j = 6124 - 5094. What is the remainder when j is divided by 44?
18
Suppose 55 = -2*x - 3*i, 0*x + 3*i + 35 = -x. Let r(b) = 4*b**2 - 3*b. Calculate the remainder when r(3) is divided by (56/x)/(4/(-20)).
13
Suppose -23 = -5*d + 2*c + 2, -d = c + 2. Suppose -3*b = -5*r - 499, 100 = d*b + 3*r - 407. What is the remainder when b is divided by 17?
15
Let p(i) = i**2 - 45*i - 10. Let a be p(0). Let c(g) = 3*g**2 + 4*g - 103. Calculate the remainder when c(a) is divided by 83.
74
Let y(r) = 6*r**2 - 5*r + 5. Let q be y(-5). Suppose 0 = -16*c + 4*c + q. Calculate the remainder when c is divided by 5.
0
Let c(p) = -57*p - 3237. Suppose -819 + 203 = -4*j. Calculate the remainder when j is divided by c(-57).
10
Suppose -1108*u = -1120*u + 60468. What is the remainder when u is divided by 10?
9
Let n = 26 - 24. Let c(y) = 4*y**2 + 2 - n + 0 + 7*y. What is the remainder